s a(2)?
67
Let t(s) = 94*s - 1281. Determine t(13).
-59
Let o(r) = -r**3 - 19*r**2 - 97*r - 182. Determine o(-12).
-26
Let z(r) = -r**3 - 6*r**2 - 2*r + 15. Give z(-4).
-9
Let q(s) = s**2 + 59*s + 59. Determine q(-56).
-109
Let p(l) = -l**3 - 5*l**2 + 27*l + 40. Calculate p(4).
4
Let u(f) = 14*f**2 + 64*f + 192. Give u(-3).
126
Let k(v) = -v**3 + 3*v**2 + 83*v - 446. Calculate k(6).
-56
Let i(s) = 1494*s + 115044. What is i(-77)?
6
Let m(w) = 4*w**3 + 50*w**2 - 39*w + 7. Determine m(-13).
176
Let y(z) = -z**3 - 5*z**2 - 32*z - 46. Give y(-2).
6
Let x(s) = -3*s**2 + 15*s + 12. Determine x(4).
24
Let w(n) = -n**3 - 53*n**2 + 494*n + 373. Determine w(-61).
7
Let i(c) = -c**3 - 2*c**2 + 14*c + 6. What is i(-5)?
11
Let x(s) = 41*s**2 - 364*s + 297. Calculate x(8).
9
Let w(a) = a**3 + 2*a**2 - 17*a - 181. Calculate w(-6).
-223
Let b(t) = 2990*t - 26947. What is b(9)?
-37
Let b(i) = 31*i**2 + 2563*i - 828. What is b(-83)?
2
Let m(x) = 367*x - 2160. What is m(6)?
42
Let h(r) = r**2 + 2*r + 18. Give h(-3).
21
Let a(m) = -m**3 + 9*m**2 - 16*m + 46. Determine a(8).
-18
Let w(v) = v**3 - 60*v**2 + 132*v - 630. What is w(58)?
298
Let y(l) = 2*l**2 - 9*l - 63. Calculate y(8).
-7
Let m(y) = 50*y + 6206. What is m(-124)?
6
Let w(f) = 3*f**3 + 74*f**2 - 189*f + 8. Give w(-27).
8
Let i(l) = -l**3 - 30*l**2 + 798*l - 46. Calculate i(-47).
1
Let f(c) = c**3 + 18*c**2 + 29*c - 9. Calculate f(-12).
507
Let p(i) = 55*i + 651. What is p(-11)?
46
Let m(q) = -q**3 - 12*q**2 - 16*q - 5. Give m(-10).
-45
Let n(z) = 3*z**2 + 286*z + 1942. What is n(-88)?
6
Let o(c) = 53*c + 1455. Determine o(-27).
24
Let x(o) = -4*o**3 + o**2 - 7*o - 1. Determine x(4).
-269
Let j(i) = -3*i**2 - 86*i - 83. Give j(-14).
533
Let c(i) = -i**3 - 25*i**2 + 2708*i + 104. Determine c(-66).
-28
Let z(l) = 7*l**2 - 632*l + 172. What is z(90)?
-8
Let j(w) = 2*w**3 - w**2 - 26*w - 82. Calculate j(-4).
-122
Let c(s) = 5*s**2 + 142*s + 1158. Determine c(-9).
285
Let r(q) = -3*q**2 + 96*q + 959. Give r(40).
-1
Let m(g) = -3*g**2 - 103*g - 87. Give m(-33).
45
Let h(i) = -26670*i + 53338. What is h(2)?
-2
Let d(q) = -3*q**2 + 125*q - 986. Calculate d(8).
-178
Let a(d) = -d**2 + 35*d - 187. Give a(14).
107
Let g(z) = 21*z**2 - 361*z + 55. Determine g(17).
-13
Let x(z) = -123*z + 755. Give x(6).
17
Let o(a) = -525*a - 1121. Determine o(-2).
-71
Let j(g) = 203*g - 1164. Give j(5).
-149
Let u(t) = 453*t + 7711. Determine u(-17).
10
Let g(b) = b**3 + 245*b**2 - 506*b - 2968. Give g(-247).
-4
Let n(t) = 3*t**3 + 12*t**2 + 533*t + 1569. Give n(-3).
-3
Let a(m) = -2*m**3 - 17*m**2 - 19*m - 133. Calculate a(-8).
-45
Let w(c) = 2136*c - 2128. What is w(1)?
8
Let h(y) = -y**3 + 2*y**2 + 25. Give h(5).
-50
Let x(i) = 3367*i + 20146. Calculate x(-6).
-56
Let z(w) = 1273*w + 477. Give z(-1).
-796
Let d(s) = 4*s**2 + 62*s + 220. Calculate d(-9).
-14
Let h(z) = -5*z**2 + 25*z - 4. What is h(0)?
-4
Let y(s) = 5*s + 129. Determine y(-30).
-21
Let a(d) = 988*d + 7. What is a(0)?
7
Let l(j) = -336*j**2 + 1680*j - 5. Give l(5).
-5
Let k(d) = 47*d**2 - 559*d - 82. Calculate k(12).
-22
Let v(n) = 2*n**3 - 3*n**2. Calculate v(2).
4
Let j(d) = -d**3 + 32*d**2 + 225*d - 7. Give j(-6).
11
Let j(q) = -q**3 - 9*q**2 - 58*q - 481. Determine j(-9).
41
Let i(t) = -15*t + 703. Determine i(41).
88
Let o(m) = 259*m + 7. Determine o(2).
525
Let z(b) = b**3 + 19*b**2 - 116*b + 105. Give z(-24).
9
Let i(q) = -5*q**3 - 205*q**2 + 212*q + 77. Determine i(-42).
-7
Let o(u) = -208*u**3 - u**2 + 1. Determine o(-1).
208
Let r(p) = -5*p**3 - p**2 + 30*p + 20. What is r(-2)?
-4
Let w(g) = 280*g - 490. Give w(1).
-210
Let m(a) = 20*a**2 - 926*a + 1840. Give m(2).
68
Let d(w) = w**3 + 300*w**2 - 276*w + 7525. Give d(-301).
0
Let k(r) = 58*r - 929. Give k(16).
-1
Let i(y) = -4*y**2 + 112*y + 5. Calculate i(10).
725
Let l(i) = 78*i - 155. Give l(2).
1
Let c(s) = 2*s**2 + 111*s + 623. Calculate c(-6).
29
Let f(w) = 81*w + 1046. Determine f(-13).
-7
Let b(d) = -d**3 + 18*d**2 + 68*d - 128. Give b(21).
-23
Let q(d) = -3*d**2 - 214*d - 2712. Give q(-14).
-304
Let b(m) = m**2 + 17*m - 58. Determine b(-13).
-110
Let q(x) = x**2 + 145*x + 5196. What is q(-81)?
12
Let f(p) = -192*p + 4257. What is f(22)?
33
Let q(s) = -4980*s + 9962. Calculate q(2).
2
Let p(r) = -19*r**2 + 15*r + 56. What is p(-3)?
-160
Let z(n) = 11*n**3 - 132*n**2 - 62*n + 731. Calculate z(12).
-13
Let t(l) = -2*l**3 - 71*l**2 - 167*l + 48. Give t(-33).
114
Let b(p) = -4*p**3 - 26*p**2 - 6*p - 57. Calculate b(-8).
375
Let b(k) = k**3 + 7*k**2 - 141*k + 42. Give b(-16).
-6
Let n(q) = -20*q - 1048. Calculate n(-54).
32
Let o(r) = 4*r**2 + 18*r - 142. Determine o(4).
-6
Let y(a) = 14*a - 1033. Give y(77).
45
Let y(v) = -v**2 - 6*v + 122. What is y(-14)?
10
Let s(a) = 206*a + 12999. Determine s(-63).
21
Let u(l) = -7*l + 243. What is u(73)?
-268
Let k(d) = d**3 + d**2 - 13*d - 4. Determine k(3).
-7
Let l(f) = -2*f**3 + 168*f**2 + 347*f - 334. Determine l(86).
-76
Let n(y) = 2*y**2 + 272*y + 5690. What is n(-110)?
-30
Let n(h) = 3*h + 15. Calculate n(-8).
-9
Let g(a) = -a**3 - 18*a**2 + 2*a + 154. What is g(-13)?
-717
Let c(u) = -3*u**3 - 175*u**2 - 65*u - 377. Determine c(-58).
29
Let v(b) = -b**3 - 20*b**2 + 24*b - 83. Determine v(-22).
357
Let g(l) = 14*l**2 - 244*l - 243. Calculate g(-1).
15
Let h(d) = d**3 + 31*d**2 + 108*d + 17. What is h(-4)?
17
Let i(z) = -3*z**2 + 271*z + 5497. Calculate i(-17).
23
Let a(t) = t**3 - 182*t**2 + 370*t - 1784. Give a(180).
16
Let b(m) = 108*m**3 + 541*m**2 + 3*m - 8. What is b(-5)?
2
Let g(q) = 87*q + 998. Determine g(-11).
41
Let v(s) = 34*s - 590. Calculate v(20).
90
Let o(t) = -33*t**3 + 56*t**2 + 57*t + 2. Calculate o(-1).
34
Let q(h) = 1571*h - 6281. Give q(4).
3
Let s(r) = 12*r**2 - 539*r - 10. Determine s(45).
35
Let s(f) = f**3 - 20*f**2 + 38*f + 47. What is s(17)?
-174
Let b(y) = y**3 - 18*y**2 - 79*y + 349. What is b(21)?
13
Let a(y) = 38*y + 2470. What is a(-67)?
-76
Let z(y) = 2*y**2 + 28*y - 102. Determine z(-17).
0
Let b(x) = 9*x**2 - 126*x - 4. Calculate b(13).
-121
Let v(x) = 4*x**3 - 153*x**2 + 36*x + 79. Calculate v(38).
3
Let r(u) = 147*u + 748. Determine r(-4).
160
Let h(i) = -2*i**3 - 49*i**2 + 408*i + 160. Determine h(-31).
5
Let y(o) = -o**3 - 107*o**2 - 223*o - 1344. What is y(-105)?
21
Let k(g) = 4*g**2 - 48*g + 9. Determine k(11).
-35
Let r(o) = -69*o - 9391. Determine r(-136).
-7
Let a(b) = -7*b + 67. Calculate a(23).
-94
Let o(t) = 7*t**2 - 68*t + 29. Give o(9).
-16
Let u(i) = 2*i**3 - 17*i**2 - 11*i + 81. Give u(9).
63
Let x(m) = -45*m**2 - 1035*m + 18. Determine x(-23).
18
Let t(w) = 410*w - 9839. Calculate t(24).
1
Let a(i) = -5*i**2 + 414*i + 10269. Determine a(-20).
-11
Let z(s) = s**3 - 15*s**2 + 46*s - 692. Give z(15).
-2
Let b(c) = -289*c - 1744. Determine b(-6).
-10
Let z(b) = -97*b + 8. What is z(-1)?
105
Let u(h) = 20435*h + 122606. Calculate u(-6).
-4
Let b(g) = -2*g**2 - 45*g - 107. What is b(-20)?
-7
Let b(m) = -363*m + 22508. Give b(62).
2
Let n(i) = -64*i + 759. Calculate n(12).
-9
Let z(g) = 41*g**2 - 351*g + 183. Calculate z(8).
-1
Let j(m) = 164*m - 5173. Give j(31).
-89
Let k(p) = 49*p - 1266. Calculate k(27).
57
Let u(v) = -v**2 + 38*v + 1412. Give u(61).
9
Let z(t) = 5*t**2 + 94*t + 35. Give z(-18).
-37
Let w(r) = r**3 + 37*r**2 - 3*r - 140. What is w(-37)?
-29
Let h(n) = -312*n + 1436. What is h(5)?
-124
Let s(v) = -3*v + 24. Calculate s(11).
-9
Let h(u) = -49*u**3 - 10*u**2 - 6*u + 4. Give h(-1).
49
Let r(k) = -34*k + 3207. Calculate r(97).
-91
Let m(d) = -d**2 - 47*d - 409. What is m(-14)?
53
Let i(a) = a**2 - 13*a + 47. What is i(7)?
5
Let v(n) = -3*n**2 + 5*n + 16. What is v(5)?
-34
Let h(p) = -p**2 + 518*p - 6561. Calculate h(13).
4
Let u(a) = 176*a + 17405. Determine u(-99).
-19
Let s(g) = 3*g**2 + 339*g + 5791. Give s(-21).
-5
Let k(s) = s**3 + 28*s**2 - 194*s + 370. Give k(-34).
30
Let n(q) = -q**3 + 7*q**2 + 38*q - 245. What is n(8)?
-5
Let z(x) = -8*x - 103. What is z(11)?
-191
Let f(o) = 1233*o + 1270. Calculate f(-1).
37
Let u(f) = f**2 - 442*f - 23507. Calculate u(-48).
13
Let d(r) = r**3 + 15*r**2 - 56*r - 25. Determine d(-18).
11
Let z(d) = -d**2 - 33*d + 4831. Calculate z(-88).
-9
Let i(w) = w**2 + 78*w + 224. What is i(-3)?
-1
Let g(o) = -3*o - 194. Give g(-24).
-122
Let j(v) = 2*v**3 + 